= -126*g - 529. Give l(-4).
-25
Let d(h) = -2*h**2 + 103*h - 325. Determine d(48).
11
Let t(m) = m**2 + 11*m + 34. Determine t(-6).
4
Let i(j) = 4*j**3 - 64*j**2 - 5*j + 32. Calculate i(16).
-48
Let f(z) = -7*z + 315. Calculate f(37).
56
Let z(k) = 2671*k + 10689. Determine z(-4).
5
Let w(l) = 2*l**3 + 20*l**2 + 21*l - 129. Calculate w(-7).
18
Let l(q) = -q**3 - 9*q**2 + 1241*q + 12315. What is l(-10)?
5
Let l(v) = 8*v + 15. Give l(-13).
-89
Let b(k) = 2*k**2 + 37*k - 526. Determine b(19).
899
Let o(r) = r**3 + 26*r**2 - r - 362. Determine o(-26).
-336
Let q(s) = 5*s**2 + 16*s - 95. Give q(7).
262
Let b(x) = x**3 + 42*x**2 + 333*x + 129. Calculate b(-10).
-1
Let i(b) = 59*b + 455. Determine i(-13).
-312
Let v(l) = -l**2 + 1905*l - 18952. Determine v(10).
-2
Let k(h) = 10*h**3 - 7*h**2 - 105*h + 24. Determine k(-3).
6
Let a(l) = -2*l**3 + 19*l**2 - 4*l + 16. What is a(11)?
-391
Let a(z) = -z**3 - 19*z**2 + 23*z + 21. Give a(-20).
-39
Let b(s) = s**2 - 34*s + 264. What is b(11)?
11
Let z(m) = -m**3 + 80*m**2 - 65*m - 1105. Calculate z(79).
1
Let u(j) = -67*j**2 + 154*j - 34. What is u(2)?
6
Let y(i) = -i**3 - 7*i**2 + 19*i + 14. Determine y(-9).
5
Let m(j) = 5*j**2 + 5. Determine m(-5).
130
Let i(p) = 20*p + 232. Determine i(-13).
-28
Let f(u) = u**2 + 1244*u - 8725. Calculate f(7).
32
Let j(i) = 3*i**3 + 135*i**2 - 24*i - 51. Give j(-45).
1029
Let o(n) = 4479*n - 18041. Give o(4).
-125
Let v(s) = -590*s - 1852. Give v(-3).
-82
Let n(p) = 4*p**3 - p**2 + 2*p + 14. What is n(-2)?
-26
Let k(c) = 44*c - 439. Calculate k(11).
45
Let p(o) = -24*o - 1040. Calculate p(-43).
-8
Let j(f) = -f**2 + 148*f + 5141. Determine j(-29).
8
Let h(t) = 62*t + 8138. Calculate h(-126).
326
Let r(l) = 22*l**2 + 19*l + 14. Calculate r(-3).
155
Let i(u) = 3*u**2 - 26*u + 107. What is i(6)?
59
Let m(p) = -6*p**3 - 22*p**2 + 10*p - 7. Calculate m(-4).
-15
Let x(r) = 203*r + 110. Give x(1).
313
Let a(m) = -m**3 + 3*m**2 + 6*m - 24. Determine a(3).
-6
Let b(k) = k**2 - 88*k + 1501. Give b(24).
-35
Let t(c) = -72*c**2 - 29*c - 30. Give t(-1).
-73
Let h(r) = 4*r**3 + 52*r**2 - r - 5. Give h(-13).
8
Let j(i) = -3*i**2 - 348*i - 2283. Give j(-109).
6
Let f(l) = 107*l - 417. Determine f(3).
-96
Let p(s) = -29*s**3 - 217*s**2 - 75*s + 156. Calculate p(-7).
-5
Let u(j) = j**2 - 18*j - 946. Give u(40).
-66
Let o(m) = -2845*m + 17103. Calculate o(6).
33
Let w(p) = -14*p - 721. What is w(-53)?
21
Let h(u) = -3500*u + 66498. What is h(19)?
-2
Let r(h) = 2*h**3 + 10*h**2 + 27*h + 136. What is r(-5)?
1
Let i(c) = -3*c**3 + 22*c**2 + 17*c + 23. Calculate i(8).
31
Let c(y) = -5*y**2 + 161*y - 396. Give c(30).
-66
Let x(t) = -12*t**2 + 81*t + 32. What is x(8)?
-88
Let b(n) = -n**2 - 503*n + 3095. What is b(6)?
41
Let z(p) = p**2 + 420*p + 1656. Calculate z(-4).
-8
Let x(r) = 105*r - 1516. Determine x(15).
59
Let o(s) = -s**3 + 4*s**2 - 8*s + 37. What is o(6)?
-83
Let m(t) = -60*t - 237. Give m(-5).
63
Let s(l) = -126*l**2 - 242*l + 19. Give s(-2).
-1
Let c(w) = -5*w**3 + 41*w**2 - 28*w + 174. What is c(8)?
14
Let g(x) = 3*x**2 - 95*x + 559. What is g(8)?
-9
Let o(b) = -15*b**2 - 1259*b + 89. What is o(-84)?
5
Let m(l) = -l**2 + 370*l + 9870. Determine m(-25).
-5
Let v(m) = 3*m**2 + 75*m - 100. Determine v(-31).
458
Let f(h) = h**3 + 9*h**2 + 6*h + 145. What is f(-6)?
217
Let w(p) = -349*p - 3149. Calculate w(-9).
-8
Let n(z) = -z**2 - 86*z - 584. Give n(-6).
-104
Let d(p) = -2*p**3 + 241*p**2 + 120*p + 61. Calculate d(121).
-60
Let g(r) = r**3 + 21*r**2 + 36*r - 42. Calculate g(-19).
-4
Let d(s) = 5*s - 162. Calculate d(27).
-27
Let o(c) = -128*c**2 + 13*c - 14. Calculate o(1).
-129
Let g(r) = 76*r**2 - 585*r - 180. Calculate g(8).
4
Let f(y) = -7*y - 11. Give f(-3).
10
Let l(y) = -y**3 - 24*y**2 + 23*y - 39. Calculate l(-25).
11
Let d(n) = 4*n**2 + 14*n - 6. Determine d(-8).
138
Let c(b) = -8*b + 436. Calculate c(33).
172
Let i(o) = -4*o**2 + 148*o + 1225. Give i(-8).
-215
Let q(o) = 21*o + 32. What is q(2)?
74
Let x(p) = p**3 + p**2 - p - 13. Calculate x(4).
63
Let h(z) = -3*z**3 + 37*z**2 - 19*z + 68. Calculate h(12).
-16
Let o(n) = -67*n - 1713. Give o(-26).
29
Let p(d) = d**3 - 44*d**2 + 155*d + 198. Determine p(40).
-2
Let t(f) = -10*f**2 + 34. Give t(4).
-126
Let b(q) = -9*q - 367. What is b(-44)?
29
Let w(r) = -3*r**2 + 46*r - 113. Calculate w(13).
-22
Let t(f) = 2373*f + 16689. Calculate t(-7).
78
Let s(r) = -458*r + 5044. Determine s(11).
6
Let w(u) = u**3 + 20*u**2 + 102*u + 8. Calculate w(-10).
-12
Let r(d) = 985*d - 5903. Give r(6).
7
Let w(q) = -11*q - 501. What is w(-40)?
-61
Let m(k) = -779*k - 46769. Give m(-60).
-29
Let k(o) = 2*o**3 - 374*o**2 + 372*o - 7. Determine k(186).
-7
Let r(c) = 2*c**2 + 28*c - 4. Determine r(0).
-4
Let u(x) = -x**2 - 220*x + 2755. Calculate u(12).
-29
Let f(d) = -2*d**2 + 213*d - 1689. Give f(8).
-113
Let f(q) = 18*q + 3395. Determine f(-189).
-7
Let x(a) = -295*a + 847. What is x(4)?
-333
Let y(v) = -v**3 - 12*v**2 + 132*v - 23. What is y(7)?
-30
Let c(y) = -14*y**3 - 5*y**2 - 6*y - 2. Calculate c(-1).
13
Let s(j) = 72*j - 640. What is s(18)?
656
Let u(n) = 2*n**3 - 19*n**2 + 18*n - 19. Determine u(9).
62
Let a(i) = 24*i**2 + 4. Give a(-1).
28
Let a(u) = 5*u + 348. Calculate a(-16).
268
Let p(x) = -12*x**2 - 694*x - 37. Determine p(-58).
-153
Let s(a) = 5*a**2 + 40*a - 14. Determine s(-6).
-74
Let v(t) = 2*t**3 - 22*t**2 - 25*t + 8. Calculate v(12).
-4
Let v(y) = 46*y**2 - 1290*y - 69. Give v(28).
-125
Let o(f) = 3*f**3 + 24*f**2 + 7*f + 3. Determine o(-5).
193
Let g(t) = 4*t**2 + 241*t + 112. Calculate g(-59).
-183
Let d(l) = 2*l**2 + 294*l + 559. Determine d(-145).
-21
Let s(g) = g**3 + 328*g**2 - 297*g + 10521. What is s(-329)?
-7
Let d(r) = -11*r + 59. Calculate d(6).
-7
Let u(y) = 16*y + 327. Determine u(-24).
-57
Let w(x) = -x**3 + 13*x**2 + 321*x - 539. What is w(25)?
-14
Let w(s) = 17*s**2 + 1465*s + 265. What is w(-86)?
7
Let w(k) = -15*k**2 + 347*k - 41. Give w(23).
5
Let m(c) = -c - 104. Determine m(-32).
-72
Let d(p) = -p**2 - 73*p - 204. Determine d(-70).
6
Let x(f) = f**3 + 30*f**2 + 313*f + 9394. Determine x(-30).
4
Let i(s) = 211*s - 55705. Calculate i(264).
-1
Let y(n) = 9*n**2 - 96*n - 31. Give y(11).
2
Let d(a) = -a**3 + 66*a**2 - 4*a + 306. Calculate d(66).
42
Let g(q) = 241*q - 5817. Give g(24).
-33
Let l(a) = -2*a**3 + 54*a**2 + 8*a - 25. What is l(27)?
191
Let g(j) = -93*j - 87. Give g(-1).
6
Let y(x) = -6*x**2 - 59*x + 258. Determine y(-15).
-207
Let y(i) = -i**2 - 8*i - 32. What is y(-8)?
-32
Let l(k) = 7*k**2 - k - 9. Give l(-3).
57
Let i(n) = n**3 + 4*n**2 + 7*n - 11. Calculate i(0).
-11
Let u(z) = z**3 - 10*z**2 + 110*z - 1334. Calculate u(13).
603
Let t(y) = -309*y + 5256. Give t(17).
3
Let y(m) = 2*m**2 + 134*m + 947. Calculate y(-8).
3
Let w(n) = 5*n**2 + 11*n + 42. Calculate w(-9).
348
Let m(b) = b**2 - 323*b + 23430. Give m(110).
0
Let x(j) = 3*j**2 - 70*j + 108. Calculate x(21).
-39
Let v(l) = l**2 + 16*l + 52. Determine v(-9).
-11
Let y(m) = -1293*m - 3872. Calculate y(-3).
7
Let v(w) = -9*w + 73. What is v(38)?
-269
Let y(n) = -160*n - 585. What is y(-4)?
55
Let n(z) = z**2 - 66*z - 37. Calculate n(66).
-37
Let v(j) = -j**3 + 10*j**2 - 24*j + 13. What is v(4)?
13
Let m(q) = 8*q**2 + q - 162. Calculate m(6).
132
Let n(s) = -6*s**2 - 60. What is n(8)?
-444
Let m(n) = -292*n + 2035. What is m(7)?
-9
Let y(g) = -2*g**2 + 2292*g + 23147. Calculate y(-10).
27
Let d(u) = -834*u - 147620. What is d(-177)?
-2
Let y(p) = 2*p**3 - 20*p**2 + 4*p + 32. What is y(9)?
-94
Let s(n) = n**3 + 76*n**2 - 321*n - 96. Give s(-80).
-16
Let b(g) = 2*g**3 - 8*g**2 + g + 17. Calculate b(3).
2
Let x(n) = 3*n - 193. What is x(49)?
-46
Let u(j) = 2*j**3 - 20*j**2 - 4*j + 253. Give u(9).
55
Let q(o) = -2*o**2 - 37*o + 49. Calculate q(2).
-33
Let u(n) = 2*n**2 + 29*n - 54. Give u(-15).
-39
Let k(c) = 48*c - 515. Determine k(11).
13
Let p(d) = 13*d - 302. What is p(19)?
-55
Let a(k) = -188*k + 1321. Give a(7).
5
Let y(t) = -27*t**2 - 594*t + 8. Give y(-22).
8
Let w(f) = 10*f + 437. Calculate w(-42).
17
Let m(w) = -58*w + 1937. Calculate m(38).
-267
Let v(h) = -636*h + 1273. Give v(2).
1
Let w(t) = -t**3 + 101*t**2 - 743*t + 164. Determine w(93).
257
Let r(k) = -10*k**2 - 297*k - 1459. Give r(-5).
-224
Let z(r) = -r**3 - 11*r**2 + 183*